241304?
2
What is the tens digit of 308655908?
0
What is the millions digit of 49751121?
9
What is the hundreds digit of 5739447373?
3
What is the ten thousands digit of 1565663875?
6
What is the ten millions digit of 195360401?
9
What is the tens digit of 5438042669?
6
What is the ten thousands digit of 1585298475?
9
What is the ten millions digit of 155698610?
5
What is the hundreds digit of 435940576?
5
What is the hundred thousands digit of 44936625?
9
What is the hundreds digit of 1787156641?
6
What is the millions digit of 152931189?
2
What is the hundreds digit of 830189653?
6
What is the hundreds digit of 1295032228?
2
What is the units digit of 2410580391?
1
What is the ten millions digit of 185981166?
8
What is the hundred thousands digit of 21374660?
3
What is the thousands digit of 302658124?
8
What is the ten thousands digit of 348173562?
7
What is the millions digit of 200148330?
0
What is the units digit of 460491012?
2
What is the millions digit of 51613960?
1
What is the millions digit of 2578653480?
8
What is the billions digit of 2385170627?
2
What is the billions digit of 3545891764?
3
What is the units digit of 366391002?
2
What is the units digit of 941017927?
7
What is the ten millions digit of 30325008?
3
What is the hundreds digit of 145028984?
9
What is the tens digit of 5094268216?
1
What is the thousands digit of 1175185257?
5
What is the hundreds digit of 6445657?
6
What is the ten thousands digit of 64052590?
5
What is the ten thousands digit of 36372045?
7
What is the millions digit of 959234633?
9
What is the units digit of 177552166?
6
What is the units digit of 1128997361?
1
What is the tens digit of 1930426063?
6
What is the billions digit of 1177289662?
1
What is the hundreds digit of 3701404606?
6
What is the tens digit of 30095075?
7
What is the ten millions digit of 112227719?
1
What is the ten millions digit of 230632189?
3
What is the ten millions digit of 4537109933?
3
What is the millions digit of 1819975711?
9
What is the thousands digit of 52226986?
6
What is the units digit of 855983549?
9
What is the ten millions digit of 915989496?
1
What is the thousands digit of 6594985802?
5
What is the thousands digit of 3440590194?
0
What is the thousands digit of 6612176?
2
What is the ten millions digit of 77074896?
7
What is the millions digit of 54875469?
4
What is the tens digit of 771450912?
1
What is the hundred thousands digit of 1459138124?
1
What is the units digit of 9344530?
0
What is the hundred thousands digit of 190394709?
3
What is the hundred millions digit of 488611044?
4
What is the ten millions digit of 263454889?
6
What is the ten thousands digit of 45772194?
7
What is the millions digit of 603468989?
3
What is the tens digit of 1574680338?
3
What is the tens digit of 4442331?
3
What is the ten millions digit of 30041352?
3
What is the hundred thousands digit of 70188151?
1
What is the thousands digit of 82339409?
9
What is the millions digit of 11142076?
1
What is the thousands digit of 91196406?
6
What is the ten thousands digit of 3898818356?
1
What is the hundreds digit of 130465577?
5
What is the millions digit of 835729689?
5
What is the ten millions digit of 449006664?
4
What is the tens digit of 2003972423?
2
What is the tens digit of 12508484?
8
What is the hundreds digit of 178978812?
8
What is the thousands digit of 153625971?
5
What is the thousands digit of 36664791?
4
What is the ten thousands digit of 245013471?
1
What is the tens digit of 255027192?
9
What is the ten millions digit of 190346439?
9
What is the tens digit of 9350996?
9
What is the tens digit of 129030946?
4
What is the hundreds digit of 182212341?
3
What is the hundred millions digit of 2790117487?
7
What is the thousands digit of 477684665?
4
What is the hundred thousands digit of 291251886?
2
What is the hundreds digit of 1470561?
5
What is the ten millions digit of 6325149692?
2
What is the ten thousands digit of 106487052?
8
What is the units digit of 235989480?
0
What is the ten millions digit of 88700891?
8
What is the tens digit of 71359515?
1
What is the units digit of 20415731?
1
What is the hundred thousands digit of 52168070?
1
What is the ten millions digit of 18498104?
1
What is the hundred thousands digit of 110922848?
9
What is the units digit of 61375889?
9
What is the tens digit of 262266717?
1
What is the ten thousands digit of 1984617022?
1
What is the hundreds digit of 699326041?
0
What is the units digit of 944203623?
3
What is the ten millions digit of 1932874589?
3
What is the billions digit of 2675865866?
2
What is the millions digit of 37156143?
7
What is the hundred millions digit of 1916190013?
9
What is the hundreds digit of 15522952?
9
What is the units digit of 22609440?
0
What is the thousands digit of 62341007?
1
What is the ten millions digit of 2455345222?
5
What is the billions digit of 1592898477?
1
What is the ten millions digit of 62828308?
6
What is the ten millions digit of 916102994?
1
What is the hundreds digit of 392220677?
6
What is the billions digit of 1505177926?
1
What is the ten thousands digit of 1390594356?
9
What is the tens digit of 267758818?
1
What is the tens digit of 3895328?
2
What is the thousands digit of 37597245?
7
What is the tens digit of 12689241?
4
What is the ten thousands digit of 111031449?
3
What is the hundred thousands digit of 2631047057?
0
What is the hundred thousands digit of 32316154?
3
What is the units digit of 330906076?
6
What is the thousands digit of 365768470?
8
What is the hundred millions digit of 1037840977?
0
What is the units digit of 28475734?
4
What is the millions digit of 28672800?
8
What is the units digit of 76914751?
1
What is the units digit of 73743029?
9
What is the hundreds digit of 13596787?
7
What is the ten millions digit of 55353175?
5
What is the tens digit of 3400052812?
1
What is the millions digit of 38405227?
8
What is the tens digit of 4893618097?
9
What is the ten thousands digit of 47454902?
5
What is the ten millions digit of 269057822?
6
What is the millions digit of 167156995?
7
What is the hundred thousands digit of 1896760065?
7
What is the hundred thousands digit of 1747432621?
4
What is the hundred thousands digit of 253167443?
1
What is the ten thousands digit of 32123949?
2
What is the hundreds digit of 148170424?
4
What is the hundred thousands digit of 3181721607?
7
What is the millions digit of 524009433?
4
What is the ten thousands digit of 279767778?
6
What is the ten millions digit of 19214427?
1
What is the millions digit of 2321744204?
1
What is the hundred millions digit of 777189921?
7
What is the units digit of 8801711?
1
What is the tens digit of 7285212444?
4
What is the thousands digit of 3202362052?
2
What is the hundred millions digit of 4434257184?
4
What is the thousands digit of 47039419?
9
What is the millions digit of 852453853?
2
What is the units digit of 42702513?
3
What is the tens digit of 101326617?
1
What is the hundred thousands digit of 155295?
1
What is the millions digit of 2191933928?
1
What is the hundreds digit of 29629469?
4
What is the billions digit of 1923485751?
1
What is the hundred thousands digit of 113649099?
6
What is the ten thousands digit of 98353928?
5
What is the hundreds digit of 1410289198?
1
What is the millions digit of 199493671?
9
What is the millions digit of 777918500?
7
What is the hundred thousands digit of 424245734?
2
What is the ten thousands digit of 7437127?
3
What is the millions digit of 194568704?
4
What is the hundred thousands digit of 922258270?
2
What is the ten thousands digit of 54442809?
4
What is the tens digit of 640394109?
0
What is the hundreds digit of 99814265?
2
What is the millions digit of 268251385?
8
What is the ten millions digit of 107021554?
0
What is the billions digit of 1244527107?
1
What is the tens digit of 1276267501?
0
What is the millions digit of 121386801?
1
What is the thousands digit of 692161098?
1
What is the ten millions digit of 41626790?
4
What is the units digit of 586393620?
0
What is the tens digit of 61238991?
9
What is the thousands digit of 4404943?
4
What is the ten thousands digit of 60524157?
2
What is the ten thousands digit of 3870555007?
5
What is the hundred millions